a
In base 16, what is a + 5ce11e?
5ce128
In base 15, what is -2a10 - 498c?
-749c
In base 11, what is -111682 + 3619?
-109064
In base 11, what is -218 + -369258?
-369475
In base 2, what is -101111100 + 10011111110001010001?
10011111101011010101
In base 11, what is 94 - -191939?
191a22
In base 9, what is -20655 + -2146?
-22812
In base 4, what is 210021 - 221032130?
-220222103
In base 4, what is 111113121 + 2011?
111121132
In base 14, what is -dc3a - -62?
-dbb8
In base 9, what is 17810414 + -4?
17810410
In base 8, what is -1602350052 + 0?
-1602350052
In base 14, what is -2040aa5c - 4?
-2040aa62
In base 12, what is -a06 + b57?
151
In base 7, what is -2645663 + 66?
-2645564
In base 2, what is -1101000 - 110010000111011100101000?
-110010000111011110010000
In base 15, what is -1c9 + 7dea1?
7dcc7
In base 12, what is 20122bba + 16?
20123014
In base 2, what is 10111010100 + 1000101010?
11111111110
In base 13, what is 52307 - -2?
52309
In base 2, what is 1110000110 - -1001101101001111110?
1001101111000000100
In base 9, what is -13674 + -85222?
-110006
In base 8, what is 74545 - 507?
74036
In base 12, what is 12983a0 - -14?
12983b4
In base 5, what is 21011002102 + 3?
21011002110
In base 12, what is -5 + -6b60a92?
-6b60a97
In base 8, what is -21 - -44121163?
44121142
In base 9, what is -342 + -118216?
-118558
In base 7, what is -36553130 + 110?
-36553020
In base 15, what is -8 + 78118a?
781182
In base 10, what is -454482 + 16?
-454466
In base 5, what is 1122 + 33112424?
33114101
In base 9, what is -571 - 56228?
-56810
In base 4, what is -2021221 - -33013?
-1322202
In base 16, what is -355d6 + 4e0?
-350f6
In base 14, what is -d43c79 + 3?
-d43c76
In base 14, what is -a4055c + -a?
-a40568
In base 11, what is 709 + -32922?
-32214
In base 14, what is -1730 + -56?
-1786
In base 5, what is -113311 + 4321404?
4203043
In base 3, what is -11 + 1211102022100?
1211102022012
In base 7, what is 16034 - 23462?
-4425
In base 11, what is 27025 - 194?
26941
In base 13, what is -859 - 1005?
-1861
In base 8, what is -15 + 7510224?
7510207
In base 8, what is 5 - 17470575?
-17470570
In base 11, what is 737 + -9572?
-8936
In base 15, what is -5 - -28636db?
28636d6
In base 3, what is 1021021221 + -110022?
1020211122
In base 8, what is 0 - 5560544?
-5560544
In base 10, what is 325 + 4408?
4733
In base 3, what is 20211 - 111112212222?
-111112122011
In base 13, what is 379881 - -1c?
3798a0
In base 16, what is 676 - 6?
670
In base 10, what is -3481590 + 3?
-3481587
In base 4, what is 1131 - -13033022012?
13033023203
In base 6, what is 0 + -215134303?
-215134303
In base 9, what is 318828 + -218?
318610
In base 3, what is -101 - 22122010200?
-22122011001
In base 15, what is 5653 + -674?
4ece
In base 15, what is -102e2 - -1e?
-102c3
In base 4, what is 21030211 - -22120?
21112331
In base 5, what is -10 - -44123034142?
44123034132
In base 15, what is -2 + 9e1516?
9e1514
In base 16, what is -8b6e - -141f?
-774f
In base 7, what is 452401 + -1310?
451061
In base 12, what is 937851 + -4?
937849
In base 9, what is 81577 + 47?
81635
In base 16, what is -18 + 17f00c?
17eff4
In base 15, what is 357e - 841?
2c3d
In base 3, what is 1021022022111202 + 2101?
1021022022121010
In base 14, what is -2a25d + -10?
-2a26d
In base 9, what is 3 - -28556475?
28556478
In base 12, what is 3 + 3b787b?
3b7882
In base 7, what is -514121605 + -1?
-514121606
In base 6, what is -140431440 - -4?
-140431432
In base 6, what is 11 + -241155023?
-241155012
In base 8, what is 30726021 + 1?
30726022
In base 9, what is 71 + 108024?
108105
In base 6, what is 2003 + 114450?
120453
In base 13, what is -138 - 7315a?
-73295
In base 12, what is -4a8b - 6b?
-4b3a
In base 14, what is -7 - -321833?
32182a
In base 8, what is 3313725 + 51?
3313776
In base 11, what is 1a75883 + 93?
1a75966
In base 14, what is 4ba1 - -2748?
7509
In base 5, what is -11004130 - -232?
-11003343
In base 8, what is 2125 + -22437?
-20312
In base 15, what is -95b83 + 17?
-95b6b
In base 15, what is -2156955 + 5?
-2156950
In base 12, what is b6b6a - -1?
b6b6b
In base 2, what is 10111110011110001101010011 - -11?
10111110011110001101010110
In base 6, what is -2 - 204453505?
-204453511
In base 3, what is 111211110012 - 122?
111211102120
In base 10, what is 262910 + 452?
263362
In base 6, what is -5205211 - -30?
-5205141
In base 15, what is 26 + -dcd4?
-dcad
In base 10, what is 11 + -1086506?
-1086495
In base 11, what is -32a3a2 - 163?
-32a555
In base 16, what is -1 + 6c7de3a?
6c7de39
In base 3, what is -1021221222012 - -1022?
-1021221220220
In base 9, what is 1176 + 30520?
31706
In base 12, what is 12859a0 + 70?
1285a50
In base 15, what is 13 - -20a43c?
20a450
In base 2, what is -100 + -111100110111111000101110101?
-111100110111111000101111001
In base 3, what is 10 - 2121121110?
-2121121100
In base 6, what is -452553 - -105100?
-343453
In base 15, what is -18c69c63 - -3?
-18c69c60
In base 12, what is -4 + 8101216?
8101212
In base 4, what is 110220 + -200231?
-30011
In base 13, what is -a3c64b - 122?
-a3c770
In base 7, what is -2423433616 - 2?
-2423433621
In base 5, what is 3011432 - -240100?
3302032
In base 9, what is -20265 - -6113?
-13152
In base 16, what is 39195 - 5e?
39137
In base 14, what is -1970 - 366?
-1cd6
In base 9, what is 50 + -417472?
-417422
In base 2, what is 11 - 11101101001111101110?
-11101101001111101011
In base 9, what is 13843648 + 37?
13843686
In base 8, what is -261 + -1500351?
-1500632
In base 6, what is 4 + 13202022?
13202030
In base 4, what is 1 + -13231200320211?
-13231200320210
In base 15, what is -5 + -b4011?
-b4016
In base 13, what is 110012bb + a?
110012c8
In base 13, what is -178a289 + -15?
-178a2a1
In base 16, what is -d0 - -16bf?
15ef
In base 4, what is -2030002112322 - -2?
-2030002112320
In base 12, what is 0 - -5173755?
5173755
In base 5, what is -313310211412 + -2?
-313310211414
In base 5, what is 120 + -23021223?
-23021103
In base 7, what is 342340 - 4220?
335120
In base 12, what is 4 + -2839904?
-2839900
In base 5, what is 4333 - 4044020?
-4034132
In base 10, what is -2215 - -73469?
71254
In base 9, what is -115 + 18642?
18526
In base 4, what is -322223 - 1333032?
-2321321
In base 2, what is 101110011000101 + -1110111010001?
11111011110100
In base 7, what is 24133506 - 3?
24133503
In base 11, what is 5 + 25562325?
2556232a
In base 14, what is -21d260 - -41?
-21d21d
In base 7, what is -203 - -2341404?
2341201
In base 7, what is -63 - -32650011?
32646615
In base 12, what is -101a72 - 11a0?
-103052
In base 2, what is -1111011110000101011 - 10110?
-1111011110001000001
In base 8, what is 4257224 - 76?
4257126
In base 13, what is 8 + -28c10c?
-28c104
In base 14, what is -4153 + -514?
-4667
In base 6, what is -10 - 11250210343?
-11250210353
In base 2, what is 110110010001101 + 1111011111?
111000001101100
In base 7, what is 50 - -301506?
301556
In base 13, what is 311cca + 3?
312000
In base 13, what is -7613 - -1914?
-59cc
In base 3, what is 21011 - -200210100012?
200210121100
In base 8, what is -11643462 - -21?
-11643441
In base 11, what is 45 + -5a387?
-5a342
In base 4, what is 20101021 - 3113?
20031302
In base 10, what is 2 + -303647?
-303645
In base 11, what is -49692432 - 0?
-49692432
In base 10, what is -5 + -29756891?
-29756896
In base 13, what is -3525 - 128c8?
-16120
In base 16, what is 1716b53 + -4?
1716b4f
In base 2, what is -10011010100111000110010001 + -100?
-10011010100111000110010101
In base 2, what is -10000111110100100010111 - -10?
-10000111110100100010101
In base 9, what is -786 - -437600?
436703
In base 9, what is 123468660 + -2?
123468657
In base 8, what is -167 + 6135503?
6135314
In base 9, what is 1082552 + 121?
1082673
In base 13, what is a2a49 + 331?
a307a
In base 13, what is -7 + 1567978?
1567971
In base 9, what is -23024051 - 2?
-23024053
In base 8, what is -2754 + 35624?
32650
In base 5, what is 3414 - 4444334?
-4440420
In base 6, what is 2 + 131043313?
131043315
In base 4, what is 10 - -22033133212101?
22033133212111
In base 6, what is -3 - 244301533?
-244301540
In base 5, what is -10130331 - 21?
-10130402
In base 11, what is 40 - -526301?
526341
In base 6, what is 12 - -33441112?
33441124
In base 14, what is 588a817 - 1?
588a816
In base 3, what is -12110 - -2000121021000?
2000121001120
In base 5, what i